hat is the remainder when s(-10) is divided by o?
1
Let c = -13 + 18. Suppose -4*k + 7 = 3*y, 0 = 4*y - 4*k - c - 23. Calculate the remainder when y is divided by 3.
2
Suppose 0 = 2*k - 3*k - 8. Let s be (-3)/(4/(k/3)). Suppose 14 = -s*t + 3*t. What is the remainder when 27 is divided by t?
13
Suppose 0 - 9 = -3*i. Suppose 4*u = i*u + 61. Calculate the remainder when u is divided by 21.
19
Suppose -s = -2 - 6. Let g be (-2 - -2)/((-8)/2). Suppose -w + 3*r + 34 = g, -w - 5*r = w - 57. Calculate the remainder when w is divided by s.
7
Let w be 66/(-5)*(6 - 1). What is the remainder when 4 is divided by w/(-18) - 4/6?
1
Suppose -j = -13*j + 360. What is the remainder when 88 is divided by j?
28
Let o = 17 + -9. Calculate the remainder when o is divided by 6.
2
Let v be (-5)/5 + (-2)/(-2). Let u = v + 3. Suppose d - 2*r - 23 = r, -u*r = -3*d + 63. Calculate the remainder when d is divided by 7.
6
Suppose -3*y - z + 6*z + 12 = 0, 2*z = 6. Calculate the remainder when 3/6*(1 - -65) is divided by y.
6
Let l(d) = 2*d**2 - d - 2. Let j be l(-2). Suppose -4*w + 4*k + 32 = 0, -w - 4*k - j = -2*w. Calculate the remainder when 21 is divided by w.
5
Suppose 0 = -0*a - 2*a + 252. Let y(s) = -s**3 - 4*s**2 + 6*s - 4. What is the remainder when a is divided by y(-6)?
30
Suppose -5*s = -4*k - 85, 2*s - 3*k = -2*s + 68. What is the remainder when s is divided by 5?
2
Let s = -35 + 38. Let l(r) = 0*r + 2 + 0 - r. What is the remainder when l(-2) is divided by s?
1
Let f(b) = b**3 - 17*b**2 - b + 40. What is the remainder when 68 is divided by f(17)?
22
What is the remainder when 102 is divided by (-10)/55 + (-864)/33*-1?
24
Let f = 40 - 9. Let d = -28 - -39. What is the remainder when f is divided by d?
9
Suppose -3*w + 2 = m, 0 = 6*w - w + 20. Let k = -118 + 168. Let h = k + -24. Calculate the remainder when h is divided by m.
12
Let t = -24 + 56. Let y = -2 - -1. Let o = y - -12. What is the remainder when t is divided by o?
10
Suppose 4*y + 1 = 3*l - 78, 54 = 2*l - 2*y. Calculate the remainder when 115 is divided by l.
28
Let v(x) = x + 9. Suppose 5 = -c - 1. Let w be v(c). Suppose 3*k = -4*u + 31, -w*k + 5*u + 110 = 2*k. Calculate the remainder when k is divided by 9.
8
Suppose -77 = 2*d - 9*d. Let p(n) = n**3 - 11*n**2 + 2*n - 3. What is the remainder when 37 is divided by p(d)?
18
Let a = 44 + -24. Let t = 33 + 3. What is the remainder when t is divided by a?
16
Suppose -4*r + 162 = -2*r. Suppose 4*f + 36 = -y + 3*y, 0 = -2*y - 5*f + r. Calculate the remainder when y is divided by 10.
8
Let b = -19 - -22. Suppose b*v - 26 = 4. What is the remainder when 19 is divided by v?
9
Suppose -8*m + 16 = -4*m. Calculate the remainder when m is divided by 3.
1
Suppose 4*m = -0 + 124. Let n = -17 + m. Calculate the remainder when 53 is divided by n.
11
Suppose 3*b - 7*b = -8. Let g = 0 + 0. What is the remainder when -1 + g + 2 + 1 is divided by b?
0
Let w(j) = 15*j + 3. What is the remainder when w(1) is divided by 11?
7
Suppose 0*y = 4*y - 64. Let p = -3 - -7. Suppose 8*c - 36 = p*c. What is the remainder when y is divided by c?
7
Let c = -22 + 88. What is the remainder when c is divided by 23?
20
Suppose -51 = 3*g + 54. Let j = 66 + g. Calculate the remainder when j is divided by 8.
7
Suppose 7*j - 5*j - 14 = 0. Let r = 10 - 7. What is the remainder when j is divided by r?
1
Suppose -40 = 4*m + m. Suppose 0 = -3*v - v + 88. Calculate the remainder when v is divided by m/(-28) - 108/(-14).
6
Suppose v + 7 = -4. Let a(f) = -f**3 - 10*f**2 + 8*f - 16. Suppose 0 = -2*t + 2*z - 3*z + 17, 3*z - 27 = -2*t. What is the remainder when a(v) is divided by t?
5
Let n = 83 - 61. Calculate the remainder when n is divided by 6.
4
Suppose -5*i + 14 - 4 = 0. Calculate the remainder when 2 is divided by i.
0
Let g = 17 + -8. Suppose u - 51 = -2*u. Calculate the remainder when u is divided by g.
8
Let n be -2 + -1 - 2/(-2). Let g = n - -4. Let l(k) = 2*k**2 + k + 1. Calculate the remainder when g is divided by l(-1).
0
Let p(l) = -4*l + 2. Let n be p(-5). Suppose 5*f - n - 18 = 0. Suppose q = -3*q + 88. What is the remainder when q is divided by f?
6
Let z = 3 - 6. Calculate the remainder when 50/2*(-2 - z) is divided by ((-29)/1 - -3)/(-2).
12
Let v = 37 - 5. Let r = 62 - v. What is the remainder when r is divided by 8?
6
Let l(f) = -f**3 + 6*f**2 + 10*f - 6. Suppose 3*a - 14 = a. What is the remainder when 57 is divided by l(a)?
12
Suppose -3*v = 9 + 3. Calculate the remainder when (-108)/(-63)*(-154)/v is divided by 17.
15
Calculate the remainder when (4/6)/((-2)/(-87)) is divided by 16.
13
What is the remainder when 21 is divided by (-2 - -5)*-21*2/(-9)?
7
Let d = -8 + 21. What is the remainder when 102 is divided by d?
11
Let a(c) be the second derivative of c**4/12 + 5*c**3/6 - 5*c**2 - 2*c. Let b be a(-7). Calculate the remainder when 23 is divided by 6/b*1*8.
11
Let r = -8 + 26. Let o = -44 - -95. Calculate the remainder when o is divided by r.
15
Let j = 34 - 31. What is the remainder when j is divided by 3?
0
Let h(v) = 3*v - 4*v**3 + 8*v**2 - 11*v**2 - 3 + 3*v**3. Let c = 15 + 2. What is the remainder when h(-5) is divided by c?
15
Let c(s) = -s**3 - 3*s**2 + 4*s + 3. Let k(d) = 3*d**2 - 5*d - 4. What is the remainder when c(-5) is divided by k(-2)?
15
Suppose 6 - 4 = -4*v - 2*a, 0 = 2*a + 2. Suppose -4*u + 57 = -y, v = 4*u + 3*y - 18 - 35. What is the remainder when u is divided by 5?
4
Let p(b) = 0*b + 5*b - 3*b. Suppose 0 = -5*n + n + 16, -2 = -2*v + 2*n. What is the remainder when 28 is divided by p(v)?
8
Suppose 3*y + 8 = -5*q + 27, 4*y - 5*q - 72 = 0. Calculate the remainder when 37 is divided by y.
11
Suppose o - 3*d + 5 = 16, -2*d = o + 9. What is the remainder when ((-183)/((-3)/o))/(-1) is divided by 16?
13
Let x = -6 + 10. Suppose x*q = -3*v + 204, q - 2*v = 7 + 33. Suppose 5*f + q = 2*u, -3*u + 4*f + 41 = -24. What is the remainder when u is divided by 10?
9
Let t(v) = -v**2 + 17*v - 15. Calculate the remainder when t(12) is divided by (-130)/(-8) + 3/(-12).
13
Let s(p) be the second derivative of -p**4/12 + 11*p**3/6 - 5*p**2/2 - p. Calculate the remainder when s(10) is divided by 2.
1
Let k(q) be the first derivative of 45*q**4/4 + 2*q**3/3 - q - 4. What is the remainder when k(1) is divided by 16?
14
Suppose -2*c - 10 = -7*c, 5*c - 120 = -5*x. What is the remainder when x is divided by 12?
10
Suppose 7*q = 5*q - 86. Let m = -21 - q. What is the remainder when 64 is divided by m?
20
Let a = 4 + -2. What is the remainder when (33/(-99))/(-2*(-2)/(-60)) is divided by a?
1
Suppose -13 = 4*h - 3*g - 1, 0 = 4*h + 3*g - 12. Suppose h = -7*a + 2*a - r + 48, -2*r + 51 = 5*a. What is the remainder when 25 is divided by a?
7
Let l = -34 + 56. Calculate the remainder when 108 is divided by l.
20
Suppose -6*w + 40 = -4*w. Let b(g) = -2*g - 2. Let c be b(-3). Suppose 0 = -c*u + 2*u - 4*n + 10, 2*u + 5*n = 7. Calculate the remainder when w is divided by u.
9
Let j = -21 - 6. Let d = 2 + 11. What is the remainder when (32/6)/((-6)/j) is divided by d?
11
Let g = 67 + -37. Calculate the remainder when g is divided by 16.
14
Let p(r) = -8*r**2 + 2*r - 3*r + 0*r**3 - 1 - r**3. Let k be p(-8). Let s(v) = 2*v - 10. What is the remainder when 7 is divided by s(k)?
3
Let y = 234 + -13. What is the remainder when y is divided by 28?
25
Suppose 1 - 9 = -4*x, -a = 4*x - 12. Suppose 0 = -g - 4*s + 4 + 1, 58 = a*g - 3*s. What is the remainder when g is divided by 5?
3
Calculate the remainder when 19 is divided by 39/15 - 2/(-5) - -2.
4
Let v(u) = 15*u - 9. Let c be v(4). Suppose 0 = q - 4*o - c, -26 - 181 = -5*q - 4*o. Calculate the remainder when q is divided by 15.
13
Suppose 0*m - 2*m - 134 = 0. Let l = m + 118. Calculate the remainder when l is divided by 18.
15
Let t(f) = 2*f - 4. Let v be t(3). Suppose 4*q + v*b + 68 = 0, 3*q - b + 17 = -24. Let j = -5 - q. What is the remainder when 29 is divided by j?
9
Suppose 6*k - 367 = 215. Calculate the remainder when k is divided by 25.
22
Suppose -21*q + 24*q = 60. Calculate the remainder when q is divided by 5.
0
Suppose 4*q - 8*q - r - 8 = 0, 4*q - 5*r = 16. Let l = 135 + -88. Let f = q + l. What is the remainder when f is divided by 12?
10
Let v(j) = j**3 - 6*j**2 + 2*j + 3. Suppose -2*k - 4*c = 8, -4*c = -3*k - 2*c + 28. Calculate